1. Let t(r) = 21*r - 2. Let k(u) = 4*t(u) - 11*y(u). Let p be k(-1). What are the prime factors of 2*(-6)/p - (-17 - -7)?
13
Suppose -5*a = -4*a - 6. Let t be (-609)/14*(-16)/a. Suppose -2*c + 2*d = 4*d - t, d + 207 = 4*c. List the prime factors of c.
53
Let l(g) = g + 15. Let j be l(-16). Let s be 2/1 + (-2 + j - -80). Let z = s - 44. List the prime factors of z.
5, 7
Let r(p) = 32*p**2 + 13*p + 14. Let y be r(-6). Let s = y + -651. What are the prime factors of s?
19, 23
Let j(v) = 2*v**2 - 60*v + 811. What are the prime factors of j(49)?
3, 11
Suppose -25 = -5*q + 3*a, 0 = -3*a + a. Let x = 4 + -1. What are the prime factors of q/15 + 1 + 68/x?
2, 3
Let g(t) = 11566*t + 24*t**2 - 11594*t + t**3 - 2*t**3. List the prime factors of g(13).
5, 13, 23
Suppose -22*d + 9*d - 12415 = 0. Let p = d + 1970. List the prime factors of p.
5, 7, 29
Suppose 581859 + 6300051 = 227*o - 3498800. What are the prime factors of o?
2, 5, 17, 269
What are the prime factors of 220 + 0/(-12) - -4?
2, 7
Suppose -535986 = 4*k - 9*k - 13*k. List the prime factors of k.
11, 2707
Suppose -10*z - 84 = -22*z. Suppose -2699 - 1522 = -z*i. What are the prime factors of i?
3, 67
Suppose -3*m - 1205*v = -1203*v - 22535, m - 2*v - 7509 = 0. List the prime factors of m.
7, 29, 37
Let j = -21 - -21. Let y(v) = -v**3 + v**2 - v + 291. Let w be y(j). Suppose -6*h + 363 = -w. What are the prime factors of h?
109
Suppose 6*r = 498 + 1620. List the prime factors of r.
353
Suppose -5 = -4*l - l. Let n = -373 - -850. List the prime factors of -2*n/(-18) - l*2.
3, 17
Suppose 109*v + 257166 = 172*v. What are the prime factors of v?
2, 13, 157
Suppose -82766 = -104*u - 35*u + 71663. What are the prime factors of u?
11, 101
Let y be (-42)/(-7)*5/10. Suppose 0 = y*n - 3, 0 = a + 3*a + n - 981. What are the prime factors of a?
5, 7
Let o be (-65)/(-15)*(3 - 6). What are the prime factors of ((-467)/(-2))/(o/(-26))?
467
Let h(b) be the third derivative of b**6/24 - b**5/15 - 7*b**4/12 - b**3 + 149*b**2. List the prime factors of h(6).
2, 3, 47
Let a(s) = s**3 - 3*s**2 - 30*s + 14. Let h be a(7). Suppose h = -23*d + 16*d + 1113. What are the prime factors of d?
3, 53
Let x(w) = 225*w**3 + 5*w**2 - 21*w + 59. What are the prime factors of x(4)?
5, 7, 59
Suppose -5*t - 6442 + 17962 = 0. Suppose 4*x - t = -5*s, 5*x - x + s = 2288. List the prime factors of x.
571
Let l(b) = b**3 + 8*b**2 - 6*b - 5. Let j be l(-9). Let y be (-2)/(-3) - (-2072)/24. Let f = y + j. List the prime factors of f.
5, 11
Let u be ((-18)/(-10))/((-5)/(-75)). What are the prime factors of ((-171)/u - -6) + 457/3?
2, 19
Suppose a + a - 4*p = 1000, -996 = -2*a + 5*p. What are the prime factors of (81/18 - 2)/(2/a)?
5, 127
Let l(o) = -4*o + 64. Let i be l(15). What are the prime factors of 1 - (-18)/(-12) - (-1030)/i?
257
Let j = 20 - 22. Let q be (0 + j)*(1 + -2). Suppose -5*l + q*b + 205 = 0, 164 = 2*l + 2*l - 5*b. List the prime factors of l.
41
Let k = -1345 - -872. Let r = k - -953. List the prime factors of r.
2, 3, 5
Let t(z) = z**3 + 13*z**2 + 4*z + 1. Let i be t(-13). Let n = i + 83. Let r = n - -93. What are the prime factors of r?
5
Suppose -10*q - 14*q = -72. Let a(z) = 94*z - 48. List the prime factors of a(q).
2, 3, 13
Let x = -9198 + 13087. List the prime factors of x.
3889
Suppose 10439 - 2519 = 9*n. Suppose -4*a = -5*p - 0*a + 1118, -n = -4*p - 4*a. List the prime factors of p.
2, 3, 37
Suppose -4*u + 3*i = -106869, -3*u + 60562 + 19661 = 12*i. What are the prime factors of u?
3, 2969
Let f(h) = 13*h - 30. Let s be f(5). Suppose -43*k + 4600 = -s*k. List the prime factors of k.
5, 23
Let x(n) = 30*n + 40. List the prime factors of x(21).
2, 5, 67
Let d(s) = s**2 - 16*s - 15. Let t be d(17). Suppose 0 = -t*i - 25 + 155. Let y = i + -34. What are the prime factors of y?
31
Let l(o) = o**3 + 129*o**2 + 662*o - 375. List the prime factors of l(-121).
3, 19, 643
Let a(d) = d**3 - 9*d**2 + 26*d - 48. Let f be a(6). What are the prime factors of -10 - 12441/(-13) - (f + 0)?
947
Suppose 2*q = -3*w + 17692 + 44253, 0 = -q - w + 30973. What are the prime factors of q/119 - (0 + (-4)/(-14))?
2, 5, 13
Let q = 94959 + -60820. List the prime factors of q.
7, 4877
List the prime factors of ((-6)/4)/((-5433402)/6110208 - (-16)/18).
2, 17
Suppose 2*f = s - 3*f + 3, 2*s - f - 3 = 0. Suppose -2*i + 458 = -0*b - 4*b, -s*i + 226 = -2*b. Let q = -15 - b. List the prime factors of q.
101
Let c(b) = -46*b + 23*b - 4 + 1 - 108*b - 1. What are the prime factors of c(-4)?
2, 5, 13
Let v be (-852)/(-5) + 9*(-10)/(-150). Let s = v - 40. List the prime factors of s.
131
Let d be ((-22)/4)/(24/(-48)). Suppose -16 = -d*f + 3*f. What are the prime factors of (f/6 - 1)/((-26)/5655)?
5, 29
Let f be (5 - (7 - 2)) + (-4 - -59). Suppose f = -10*n + 1635. What are the prime factors of n?
2, 79
Let q(b) be the third derivative of b**6/120 - b**5/15 - b**4/12 + 7*b**3/6 + b**2. Let a be q(7). Suppose -11*j - a = -16*j. What are the prime factors of j?
2, 7
Suppose -2090 = -s - 2*g, 0*g = 5*s + 4*g - 10456. What are the prime factors of s?
2, 523
What are the prime factors of ((-26926)/28)/((-64)/896)?
13463
Suppose 0 = 3*r - 8*r + 2*l - 99, 2*r = -2*l - 34. Let d = 68 - r. What are the prime factors of d?
3, 29
Let l(j) = -860*j - 532. What are the prime factors of l(-19)?
2, 13, 19
Suppose 29*f = -25*f - 21*f + 1143900. List the prime factors of f.
2, 3, 31, 41
Let m = -1 - -28. Suppose m*b - 12 = 24*b. Suppose -4*x - d = -117 - 518, -2*d = -b*x + 638. What are the prime factors of x?
3, 53
Let o(c) = -94*c - 1134. List the prime factors of o(-54).
2, 3, 73
Let m(b) = -2*b**3 - 28*b**2 - 23*b - 5. Let d(i) = -i**3 - i - 1. Let v(o) = -d(o) + m(o). What are the prime factors of v(-28)?
2, 3, 17
Suppose 25*j = 4*t + 23*j - 20, 34 = 5*t - 4*j. Let w be (2 - -6)/2 + -1. Suppose f + 3*a = t, 29 = 4*f - w*a + 6. What are the prime factors of f?
5
Let c = -1092 + -729. Let w = -493 - c. What are the prime factors of w?
2, 83
Let t(c) = c - 5. Let o be t(5). Suppose o = -s + 2 + 1. Let q(i) = i**3 + i**2 + 3*i - 1. List the prime factors of q(s).
2, 11
Let q = 7896 + -4295. What are the prime factors of q?
13, 277
Suppose -54 = 7*z - 4*z. Suppose 0 = -2*k - 2, 4*k - 187 = 5*u - 3281. What are the prime factors of ((-2)/z)/(11/33)*u?
2, 103
Let u be 202/10 + (-76)/(-95). Suppose -9*j - u = -9525. What are the prime factors of j?
2, 3, 11
Let f = -9 + 13. Suppose -19*u + 10*u + 18 = 0. Suppose 0 = -r - f, -u*i = i - 2*r - 83. What are the prime factors of i?
5
Let o(n) = -n**3 - 41*n**2 - 50*n + 53. List the prime factors of o(-47).
3, 17, 307
Suppose 7*r - 8*r - l = -1, 16 = 2*r - 5*l. Suppose 0 = -s + 4*a + 180, r*a + 40 = s - 138. List the prime factors of s.
2, 43
Let q = 8 + -11. Let x be 30 - (q + 2 + -1). Suppose -6*v = x - 104. List the prime factors of v.
2, 3
Let n be -5 - (1 + -4 + -1). List the prime factors of (-1 - (31 - 1))/(n/7).
7, 31
Let z(j) = -116*j**2 - 7*j + 26. Let n be z(4). Let h = -1298 - n. List the prime factors of h.
2, 5, 7
Suppose -3*q + 6 = 0, 0 = -4*j + 5*j + 3*q - 6. Suppose -2*d - 5 + 21 = j. What are the prime factors of 642/d + (-2)/8?
2, 5
What are the prime factors of 6*(-18)/(-162)*97674/4?
73, 223
Let k(x) = -2*x**3 - 6*x**2 + 7*x + 2. Let s be k(-4). List the prime factors of (s - -229)*1*2/5.
2, 47
Suppose -2*j + 2*r + 35468 = 0, 4*j + 7*r + 14115 = 85051. List the prime factors of j.
2, 8867
Let w(d) be the second derivative of 2*d**5/5 - d**4/4 + 5*d**3/2 + 9*d**2/2 + 72*d. List the prime factors of w(4).
13, 41
Suppose 0 = -5*t + 3*c + 44515, -545*t + 548*t - 2*c = 26710. List the prime factors of t.
2, 5, 89
Suppose -5*h + 6 = -4. Let s(j) = -j**3 + j**2 + 4*j - 4. Let w be s(h). Suppose 2*n + 2*q - 318 = w, -q - 303 = -2*n - 0*n. What are the prime factors of n?
2, 7, 11
Suppose 423*t - 422*t - 10182 = 0. List the prime factors of t.
2, 3, 1697
Let c(i) = i**3 - 20*i**2 + 19*i + 30. Let v = -293 + 312. List the prime factors of c(v).
2, 3, 5
Suppose -5*k = 3*r - 1712, -4*r + 20 = r. Let c = k - 159. List the prime factors of c.
181
Suppose 14302 - 116939 = -5*n - d, 4*n - 4*d - 82076 = 0. What are the prime factors of n?
2, 3, 11, 311
Let w = 8668 - -9688. List the prime factors of w.
2, 13, 353
Suppose -94 